143
List the prime factors of 552040.
2, 5, 37, 373
List the prime factors of 13739872.
2, 139, 3089
List the prime factors of 1251270.
2, 3, 5, 13903
What are the prime factors of 195712?
2, 11, 139
List the prime factors of 68809.
13, 67, 79
What are the prime factors of 4349339?
53, 137, 599
List the prime factors of 3550894.
2, 53, 139, 241
What are the prime factors of 197137?
197137
What are the prime factors of 85855?
5, 7, 11, 223
What are the prime factors of 1113229?
13, 19, 4507
List the prime factors of 1829985.
3, 5, 19, 6421
What are the prime factors of 996145?
5, 281, 709
What are the prime factors of 4476253?
17, 179, 1471
List the prime factors of 805948.
2, 11, 13, 1409
List the prime factors of 381483.
3, 71, 199
List the prime factors of 2230012.
2, 79, 7057
List the prime factors of 31358887.
7, 31, 144511
What are the prime factors of 2306048?
2, 563
List the prime factors of 6136923.
3, 13, 53, 2969
What are the prime factors of 4826131?
877, 5503
List the prime factors of 1537216.
2, 24019
What are the prime factors of 96650?
2, 5, 1933
List the prime factors of 164038.
2, 7, 11717
What are the prime factors of 4286289?
3, 7, 401, 509
What are the prime factors of 6601668?
2, 3, 550139
List the prime factors of 7552.
2, 59
List the prime factors of 186197.
11, 16927
What are the prime factors of 160913?
37, 4349
What are the prime factors of 4694205?
3, 5, 373, 839
List the prime factors of 234857.
7, 4793
List the prime factors of 96639.
3, 32213
What are the prime factors of 869019?
3, 37, 7829
What are the prime factors of 714335?
5, 142867
List the prime factors of 2856529.
13, 29, 7577
List the prime factors of 2573758.
2, 11, 116989
List the prime factors of 64343.
37, 47
List the prime factors of 183261.
3, 13, 37, 127
What are the prime factors of 392576?
2, 3067
List the prime factors of 2106826.
2, 41, 25693
List the prime factors of 125807.
11, 11437
List the prime factors of 3221498.
2, 7, 230107
What are the prime factors of 4745909?
7, 173, 3919
List the prime factors of 655721.
11, 59611
What are the prime factors of 328659?
3, 71, 1543
List the prime factors of 20403117.
3, 7, 41, 2633
List the prime factors of 193314.
2, 3, 11, 29, 101
List the prime factors of 3318844.
2, 19, 43669
List the prime factors of 224245.
5, 7, 43, 149
What are the prime factors of 3173231?
37, 139, 617
What are the prime factors of 22874555?
5, 11, 415901
List the prime factors of 4899573.
3, 7, 83, 937
List the prime factors of 191956.
2, 37, 1297
What are the prime factors of 1870067?
1870067
List the prime factors of 128514.
2, 3, 21419
List the prime factors of 10512247.
10512247
What are the prime factors of 2223382?
2, 7, 31, 47, 109
List the prime factors of 3094252.
2, 7, 15787
What are the prime factors of 1414448?
2, 7, 73, 173
What are the prime factors of 4298729?
4298729
List the prime factors of 381838.
2, 71, 2689
What are the prime factors of 1689112?
2, 199, 1061
List the prime factors of 3793008.
2, 3, 19, 4159
What are the prime factors of 97719?
3, 32573
List the prime factors of 2730323.
1307, 2089
What are the prime factors of 7645660?
2, 5, 11, 23, 1511
What are the prime factors of 19967200?
2, 5, 11, 2269
List the prime factors of 2909274.
2, 3, 67, 7237
List the prime factors of 218999.
11, 43, 463
List the prime factors of 652697.
43, 353
List the prime factors of 6208533.
3, 523, 1319
List the prime factors of 107967.
3, 17, 29, 73
List the prime factors of 122138.
2, 173, 353
List the prime factors of 27958.
2, 7, 1997
What are the prime factors of 4565267?
7, 29, 43, 523
What are the prime factors of 159382?
2, 79691
List the prime factors of 407880.
2, 3, 5, 11, 103
List the prime factors of 1682228.
2, 420557
What are the prime factors of 14261189?
293, 48673
What are the prime factors of 2656801?
7, 491, 773
What are the prime factors of 4288286?
2, 2144143
What are the prime factors of 10943007?
3, 149, 24481
List the prime factors of 3112758.
2, 3, 11, 79, 199
List the prime factors of 12780649.
7, 31, 58897
What are the prime factors of 512320?
2, 5, 1601
What are the prime factors of 2368194?
2, 3, 394699
What are the prime factors of 799410?
2, 3, 5, 26647
What are the prime factors of 12059127?
3, 1339903
List the prime factors of 7969784.
2, 67, 14869
List the prime factors of 22365.
3, 5, 7, 71
What are the prime factors of 5739634?
2, 19, 131, 1153
List the prime factors of 257722.
2, 128861
List the prime factors of 33019.
7, 53, 89
What are the prime factors of 230073?
3, 53, 1447
What are the prime factors of 3411320?
2, 5, 11, 7753
What are the prime factors of 12095174?
2, 7, 13, 66457
What are the prime factors of 5356828?
2, 1339207
List the prime factors of 183759.
3, 61253
What are the prime factors of 276317?
19, 14543
What are the prime factors of 7013033?
19, 157, 2351
What are the prime factors of 755092?
2, 13, 1117
What are the prime factors of 94562?
2, 13, 3637
What are the prime factors of 5018794?
2, 11, 228127
List the prime factors of 202297.
89, 2273
What are the prime factors of 3258093?
3, 1086031
List the prime factors of 937237.
7, 191, 701
What are the prime factors of 168602?
2, 7, 12043
List the prime factors of 813711.
3, 29, 47, 199
List the prime factors of 1859614.
2, 929807
List the prime factors of 6037853.
197, 30649
What are the prime factors of 842453?
37, 22769
What are the prime factors of 7963672?
2, 61, 16319
List the prime factors of 3086050.
2, 5, 11, 31, 181
What are the prime factors of 3120469?
11, 17, 37, 41
What are the prime factors of 600867?
3, 66763
List the prime factors of 2836627.
2836627
List the prime factors of 8832866.
2, 7, 630919
What are the prime factors of 310194?
2, 3, 19, 907
List the prime factors of 23946.
2, 3, 13, 307
What are the prime factors of 342920?
2, 5, 8573
List the prime factors of 928481.
31, 61, 491
List the prime factors of 1275957.
3, 141773
What are the prime factors of 295704?
2, 3, 37
What are the prime factors of 349639?
17, 131, 157
What are the prime factors of 589020?
2, 3, 5, 9817
What are the prime factors of 15280876?
2, 13, 293863
List the prime factors of 72121.
7, 10303
What are the prime factors of 4626058?
2, 911, 2539
List the prime factors of 21953.
29, 757
What are the prime factors of 644981?
47, 13723
What are the prime factors of 267030?
2, 3, 5, 23, 43
List the prime factors of 18965615.
5, 503, 7541
What are the prime factors of 596492?
2, 13, 11471
List the prime factors of 2059263.
3, 25423
List the prime factors of 295020.
2, 3, 5, 11, 149
List the prime factors of 8608769.
13, 317, 2089
What are the prime factors of 9168333?
3, 3056111
List the prime factors of 662491.
662491
What are the prime factors of 778503?
3, 11, 31, 761
What are the prime factors of 170259?
3, 19, 29, 103
What are the prime factors of 200520?
2, 3, 5, 557
What are the prime factors of 5321284?
2, 1330321
List the prime factors of 8328697.
13, 640669
List the prime factors of 86008.
2, 13, 827
What are the prime factors of 114213?
3, 11, 3461
List the prime factors of 409760.
2, 5, 13, 197
What are the prime factors of 94158?
2, 3, 5231
List the prime factors of 69185.
5, 101, 137
List the prime factors of 1982318.
2, 13, 76243
List the prime factors of 15185475.
3, 5, 7499
List the prime factors of 270682.
2, 41, 3301
List the prime factors of 333269.
333269
List the prime factors of 2775281.
2775281
What are the prime factors of 3176420?
2, 5, 13, 19, 643
List the prime factors of 262779.
3, 11, 7963
What are the prime factors of 8295491?
8295491
What are the prime factors of 2085932?
2, 521483
List the prime factors of 4396599.
3, 37, 163
List the prime factors of 20174129.
1487, 13567
What are the prime factors of 478992?
2, 3, 17, 587
List the prime factors of 8096788.
2, 7, 289171
What are the prime factors of 142882?
2, 199, 359
What are the prime factors of 21833113?
21833113
List the prime factors of 6968637.
3, 13, 59561
What are the prime factors of 24027242?
2, 12013621
What are the prime factors of 394421?
19, 20759
What are the prime factors of 7659358?
2, 7, 547097
What are the prime factors of 253053?
3, 31, 907
List the prime factors of 23197144.
2, 41, 197, 359
What are the pr